 1176 a multiple of 56?
True
Is 19 a factor of 760?
True
Is 11 a factor of 91796?
False
Is 38 a factor of 5548?
True
Does 91 divide 913?
False
Is 160 a multiple of 20?
True
Is 12535 a multiple of 12?
False
Is 22 a factor of 57134?
True
Does 121 divide 25428?
False
Does 30 divide 83?
False
Does 103 divide 1322?
False
Does 37 divide 29997?
False
Is 15797 a multiple of 111?
False
Is 135 a factor of 21465?
True
Is 12 a factor of 3708?
True
Does 9 divide 225?
True
Is 4 a factor of 4024?
True
Is 520 a multiple of 26?
True
Does 5 divide 8592?
False
Does 47 divide 55033?
False
Does 17 divide 4876?
False
Is 46800 a multiple of 50?
True
Is 64 a factor of 192?
True
Is 23 a factor of 529?
True
Is 18 a factor of 1678?
False
Is 3 a factor of 12885?
True
Does 66 divide 330?
True
Does 9 divide 586?
False
Is 11912 a multiple of 18?
False
Is 105 a factor of 315?
True
Is 585 a multiple of 9?
True
Is 3361 a multiple of 24?
False
Is 12 a factor of 5365?
False
Does 60 divide 2040?
True
Does 13 divide 621?
False
Does 37 divide 333?
True
Does 18 divide 1790?
False
Does 3 divide 53?
False
Does 59 divide 7552?
True
Is 43 a factor of 3373?
False
Does 18 divide 4443?
False
Does 12 divide 108456?
True
Is 96 a multiple of 4?
True
Is 65 a factor of 1105?
True
Is 54 a multiple of 6?
True
Is 94 a factor of 3290?
True
Is 39 a factor of 2418?
True
Is 9 a factor of 6264?
True
Does 15 divide 125?
False
Does 106 divide 19292?
True
Is 518 a multiple of 14?
True
Is 4 a factor of 200?
True
Is 1833 a multiple of 13?
True
Does 27 divide 15363?
True
Is 1425 a multiple of 3?
True
Is 19 a factor of 162?
False
Does 195 divide 23790?
True
Is 49300 a multiple of 58?
True
Is 998 even?
True
Is 18 a factor of 4896?
True
Is 4238 a multiple of 12?
False
Is 558 a multiple of 19?
False
Is 35 a factor of 882?
False
Does 6 divide 320?
False
Is 6 a factor of 38?
False
Is 622 a multiple of 7?
False
Does 26 divide 159?
False
Is 8676 a multiple of 36?
True
Does 17 divide 2894?
False
Is 34 a factor of 3604?
True
Does 20 divide 5920?
True
Is 246 a multiple of 4?
False
Is 11434 a multiple of 25?
False
Is 3 a factor of 1008?
True
Is 5 a factor of 1454?
False
Does 31 divide 1902?
False
Is 14 a factor of 952?
True
Does 4 divide 3124?
True
Is 13 a factor of 3443?
False
Is 107 a factor of 118128?
True
Is 24 a factor of 3855?
False
Does 2 divide 1117?
False
Does 40 divide 2400?
True
Is 775 a multiple of 24?
False
Does 28 divide 124?
False
Is 35 a factor of 581?
False
Does 150 divide 31650?
True
Does 16 divide 4000?
True
Does 7 divide 127?
False
Is 28 a factor of 19656?
True
Is 462 a multiple of 33?
True
Does 49 divide 8918?
True
Does 79 divide 3160?
True
Is 13 a factor of 1781?
True
Is 1527 a multiple of 142?
False
Is 16 a factor of 278?
False
Is 24 a factor of 144?
True
Is 13 a factor of 1144?
True
Does 174 divide 6633?
False
Does 45 divide 585?
True
Is 614 a multiple of 7?
False
Is 18616 a multiple of 179?
True
Is 35 a factor of 2714?
False
Does 19 divide 8265?
True
Is 2172 a multiple of 12?
True
Is 57 a factor of 13395?
True
Does 66 divide 7998?
False
Is 1709 a multiple of 5?
False
Is 5887 a multiple of 12?
False
Is 36926 a multiple of 13?
False
Does 66 divide 38346?
True
Is 66 a factor of 14345?
False
Does 6 divide 357?
False
Is 14915 a multiple of 4?
False
Does 64 divide 7302?
False
Does 28 divide 1204?
True
Is 4 a factor of 2676?
True
Does 25 divide 250?
True
Does 29 divide 15079?
False
Does 22 divide 17984?
False
Is 15 a factor of 22123?
False
Does 53 divide 1537?
True
Does 15 divide 50029?
False
Is 4 even?
True
Is 2 a factor of 9045?
False
Is 5446 a multiple of 41?
False
Is 2 a factor of 710?
True
Does 9 divide 26192?
False
Does 5 divide 217?
False
Is 47021 a multiple of 70?
False
Is 8928 a multiple of 29?
False
Is 36924 a multiple of 317?
False
Does 118 divide 2478?
True
Is 932 a multiple of 12?
False
Does 34 divide 20700?
False
Is 13 a factor of 650?
True
Is 13 a factor of 169?
True
Does 14 divide 406?
True
Is 4674 a multiple of 19?
True
Is 12 a factor of 9400?
False
Is 4 a factor of 28?
True
Is 874 a multiple of 25?
False
Is 740 a multiple of 37?
True
Does 39 divide 2975?
False
Is 3 a factor of 187?
False
Is 21 a factor of 840?
True
Does 15 divide 2165?
False
Is 11 a factor of 670?
False
Does 129 divide 73470?
False
Is 204 a multiple of 7?
False
Is 502 a multiple of 24?
False
Does 2 divide 144?
True
Does 42 divide 25284?
True
Does 10 divide 7447?
False
Does 39 divide 2988?
False
Is 18 a factor of 520?
False
Is 48 a factor of 5280?
True
Is 255 a factor of 6349?
False
Is 10493 a multiple of 75?
False
Is 3 a factor of 74?
False
Is 12418 a multiple of 15?
False
Is 197 a factor of 24625?
True
Is 17502 a multiple of 3?
True
Is 6894 a multiple of 9?
True
Is 8 a factor of 328?
True
Does 130 divide 4620?
False
Is 11571 a multiple of 57?
True
Is 24 a factor of 552?
True
Is 15 a factor of 648?
False
Is 3 a factor of 2280?
True
Is 18 a factor of 1638?
True
Does 16 divide 31880?
False
Is 7216 a multiple of 22?
True
Is 59 a factor of 177?
True
Is 18076 a multiple of 23?
False
Does 96 divide 41482?
False
Is 3871 a multiple of 7?
True
Does 6 divide 622?
False
Is 108 a factor of 23310?
False
Is 1190 a multiple of 35?
True
Is 21807 a multiple of 179?
False
Is 137 a multiple of 65?
False
Is 23 a factor of 79890?
False
Does 5 divide 751?
False
Is 13500 a multiple of 14?
False
Is 3 a factor of 4245?
True
Is 1320 a multiple of 110?
True
Does 8 divide 249?
False
Is 118 a factor of 2006?
True
Is 128 a multiple of 7?
False
Is 22 a factor of 748?
True
Is 17661 a multiple of 11?
False
Is 3 a factor of 30?
True
Does 17 divide 5627?
True
Is 90 a factor of 2340?
True
Is 8935 a multiple of 11?
False
Is 1301 a multiple of 79?
False
Is 6 a factor of 11208?
True
Is 11914 a multiple of 6?
False
Does 4 divide 436?
True
Does 128 divide 2687?
False
Is 54665 a multiple of 13?
True
Does 6 divide 1551?
False
Does 30 divide 426?
False
Is 50 a factor of 361?
False
Is 7 a factor of 2244?
False
Is 71 even?
False
Does 159 divide 6259?
False
Is 20 a factor of 808?
False
Is 29 a multiple of 2?
False
Does 134 divide 23718?
True
Is 73 a factor of 11680?
True
Is 126 a multiple of 3?
True
Does 9 divide 1307?
False
Does 54 divide 9774?
True
Is 103 a factor of 3090?
True
Is 269 a multiple of 5?
False
Is 625 a multiple of 38?
False
Does 312 divide 24336?
True
Is 702 a multiple of 9?
True
Does 26 divide 514?
False
Does 62 divide 14147?
False
Does 14 divide 1548?
False
Is 952 a multiple of 68?
True
Is 38 a factor of 2597?
False
Is 69081 a multiple of 54?
False
Is 23866 a multiple of 9?
False
Does 142 divide 10190?
False
Is 10 a factor of 6940?
True
Is 15 a factor of 6045?
True
Is 5304 a multiple of 136?
True
Is 9 a multiple of 2?
False
Is 29 a factor of 3799?
True
Does 21 divide 294?
True
Is 46 a factor of 1503?
False
Is 3538 a multiple of 27?
False
Is 42 a factor of 33266?
False
Is 1050 a multiple of 18?
False
Is 1332 a multiple of 74?
True
Is 2580 a multiple of 12?
True
Is 17 a factor of 1088?
True
Is 8 a factor of 560?
True
Is 789 a multiple of 9?
False
Is 106485 a multiple of 15?
True
Is 13 a factor of 557?
False
Does 32 divide 2048?
True
Does 8 divide 8240?
True
Is 23 a factor of 5589?
True
Is 91 a factor of 964?
False
Does 20 divide 320?
True
Is 4524 a multiple of 70?
False
Is 21518 a multiple of 58?
True
Is 130 a factor of 12187?
False
Is 24 a factor of 2949?
False
Is 14028 even?
True
Is 21 a factor of 38325?
True
Is 183 a multiple of 12?
False
Does 51 divide 4681?
False
Does 29 divide 942?
False
Is 1552 a multiple of 13?
False
Is 300 a factor of 60162?
False
Does 7 divide 1337?
True
Does 5 divide 67?
False
Is 81136 a multiple of 44?
True
Is 4156 a multiple of 14?
False
Is 1008 a multiple of 18?
True
Does 32 divide 617?
False
Is 983 a multiple of 42?
False
Does 17 divide 20823?
False
Is 9345 a multiple of 90?
False
Is 12 a factor of 4260?
True
Does 2 divide 77?
False
Is 148 a multiple of 9?
False
Does 5 divide 565?
True
Is 301 a multiple of 43?
True
Is 4140 a multiple of 92?
True
Is 864 a multiple of 27?
True
Is 112 a factor of 53046?
False
Does 40 divide 5560?
True
Is 3882 a multiple of 16?
False
Is 689 a multiple of 67?
False
Is 5526 a multiple of 21?
False
Is 10 a factor of 1240?
True
Is 13 a factor of 130?
True
Does 133 divide 2660?
True
Is 5